et w(i) = -90*i - 1821. Give w(-23).
249
Let k(d) = 638*d + 3189. What is k(-5)?
-1
Let m(d) = 2*d**3 - 49*d**2 + 181*d - 73. What is m(4)?
-5
Let a(b) = -540*b - 2148. Determine a(-4).
12
Let n(i) = -13*i**3 - 6*i**2 + 29*i + 36. Give n(-1).
14
Let z(d) = 177*d**2 - 5*d - 4. Determine z(-1).
178
Let w(y) = -181*y**3 - y**2 + 2*y + 2. What is w(-1)?
180
Let u(f) = -43607*f - 87215. What is u(-2)?
-1
Let t(r) = r**2 + 7*r - 487. What is t(-24)?
-79
Let r(i) = -i**3 - 2*i**2 + 28*i - 45. Calculate r(-10).
475
Let h(f) = 56*f**2 + 160*f + 6. Determine h(-3).
30
Let a(z) = z**3 - 11*z**2 + 305*z - 2596. What is a(9)?
-13
Let h(x) = 61*x + 550. Calculate h(-9).
1
Let o(f) = -99*f**2 - 75*f + 15. Determine o(-1).
-9
Let m(u) = -13*u**3 - u**2 + 257*u - 254. Determine m(1).
-11
Let d(k) = 80*k**3 - 3*k**2 - 9*k - 6. Determine d(-1).
-80
Let k(r) = -2*r**3 + 71*r**2 + 188*r + 89. Give k(38).
13
Let j(a) = -a**3 + 9*a**2 + 15*a - 115. Determine j(8).
69
Let k(i) = -i**2 + 26*i + 1865. Calculate k(-32).
9
Let k(l) = -2*l**3 + 50*l**2 - 167*l + 2. Give k(4).
6
Let i(w) = -w**2 + 18*w - 69. Give i(23).
-184
Let z(g) = 1067*g - 14945. Determine z(14).
-7
Let l(t) = -21*t - 17. Determine l(3).
-80
Let b(x) = -78*x + 369. Calculate b(5).
-21
Let y(o) = -2*o**3 - 4*o**2 - 21*o + 250. Calculate y(8).
-1198
Let k(n) = -8*n**2 - 171*n - 732. Determine k(-6).
6
Let v(m) = m**3 - 8*m**2 + 23*m - 13. Give v(6).
53
Let s(b) = -b**3 - 46*b**2 + 754*b + 35955. Determine s(-45).
0
Let p(i) = -97*i + 12. What is p(-1)?
109
Let g(l) = 59*l - 28. Calculate g(3).
149
Let z(q) = -q**2 - 10*q - 218. Calculate z(-12).
-242
Let s(i) = -63*i + 228. Calculate s(3).
39
Let r(f) = -83*f**2 + 19*f + 3. Determine r(1).
-61
Let p(v) = 1280*v - 10171. Determine p(8).
69
Let u(g) = 107*g**2 + 856*g - 9. Calculate u(-8).
-9
Let i(o) = o**3 + 21*o**2 - 7*o + 21. Determine i(-22).
-309
Let g(k) = -374*k + 2. What is g(0)?
2
Let c(s) = -s**3 + 8*s**2 + 165*s - 1072. Determine c(6).
-10
Let f(d) = d**2 - 248*d - 3161. Determine f(-12).
-41
Let s(m) = -873*m - 99534. Give s(-114).
-12
Let u(c) = -9*c - 115. What is u(-38)?
227
Let f(i) = -35*i**3 - 138*i**2 - 2*i - 41. Determine f(-4).
-1
Let c(r) = 2*r**3 + 25*r**2 + 52*r + 12. Calculate c(-10).
-8
Let c(u) = 2*u**2 + 53*u + 117. Determine c(-25).
42
Let q(g) = -19*g - 1627. Determine q(-86).
7
Let n(p) = -p**2 + 120*p - 3476. What is n(56)?
108
Let m(k) = 302*k + 3617. Give m(-12).
-7
Let k(d) = 3*d**3 - 68*d**2 - 12*d + 13. Determine k(23).
266
Let m(y) = -7*y**2 - 9*y - 19. Give m(-3).
-55
Let d(z) = -503*z - 4541. Give d(-9).
-14
Let a(f) = f**3 + f**2 - 3*f - 5. Determine a(0).
-5
Let j(r) = 14*r + 115. Give j(14).
311
Let s(q) = 7*q - 533. Determine s(74).
-15
Let z(m) = -10*m**2 - 215*m - 751. Give z(-17).
14
Let o(u) = 181*u - 363. Give o(3).
180
Let j(w) = w**2 + 9*w - 67. What is j(7)?
45
Let a(m) = -2*m**2 - 74*m - 212. What is a(-33)?
52
Let c(i) = -18*i - 149. Calculate c(-12).
67
Let g(i) = -2*i**3 + 15*i**2 - 21*i - 14. Calculate g(5).
6
Let q(d) = -4*d**3 + 17*d**2 - 2*d + 74. What is q(5)?
-11
Let a(z) = 7*z**3 - 412*z**2 - 28*z - 1857. Determine a(59).
-28
Let r(b) = 4*b**2 - 40*b - 183. Calculate r(13).
-27
Let t(c) = -8*c**2 + 112*c + 26. What is t(13)?
130
Let o(s) = -21*s**2 + 740*s - 155. Calculate o(35).
20
Let z(j) = -64*j + 2269. What is z(36)?
-35
Let k(w) = w**3 - 245*w**2 - 696*w - 11904. Give k(248).
0
Let r(v) = -15*v + 683. Calculate r(29).
248
Let x(i) = -208*i + 792. Give x(4).
-40
Let n(w) = 5*w**2 + 289*w + 750. Calculate n(-55).
-20
Let m(i) = 2*i**3 - 73*i**2 + 36*i - 22. Determine m(36).
-22
Let b(u) = -u**3 + 3*u**2 + 29*u - 121. Give b(5).
-26
Let n(g) = -2*g**2 - 26*g + 669. Calculate n(13).
-7
Let l(h) = h + 154. What is l(-4)?
150
Let i(z) = -3*z**2 - 23*z + 46. Determine i(-9).
10
Let z(t) = 8*t**2 - 7*t - 13. Calculate z(2).
5
Let j(q) = 3*q**3 - 30*q**2 + 114*q - 1556. What is j(11)?
61
Let o(j) = -j**2 - 660*j - 1324. Give o(-2).
-8
Let n(f) = 2*f**2 - 173*f - 320. Determine n(-2).
34
Let n(g) = g**2 + 32*g - 356. What is n(10)?
64
Let j(x) = -9*x**2 - 9*x - 8. Give j(-4).
-116
Let u(d) = -10*d**2 - 4*d - 2. Give u(5).
-272
Let a(g) = -59*g - 1857. Calculate a(-32).
31
Let d(b) = -b**3 + 55*b**2 + 16*b - 890. Calculate d(55).
-10
Let o(j) = -788*j + 12522. Calculate o(16).
-86
Let f(x) = -x**3 - x**2 - 2*x - 54. Calculate f(0).
-54
Let o(t) = -5232*t - 8. Give o(0).
-8
Let i(b) = 23*b**2 + 16*b + 34. Determine i(-4).
338
Let t(s) = 112*s - 782. Calculate t(7).
2
Let n(v) = -640*v**3 + v**2 - 4*v + 2. Give n(1).
-641
Let v(x) = 24*x**2 + 6*x + 4. Give v(-3).
202
Let r(l) = 8566*l - 85642. Calculate r(10).
18
Let l(p) = 1331*p. Calculate l(0).
0
Let f(x) = -25*x**2 - 18*x + 42. What is f(2)?
-94
Let b(o) = 2*o**2 - 284*o. Give b(142).
0
Let t(l) = 7*l**3 - 7*l**2 + 2*l. What is t(2)?
32
Let a(u) = -150*u - 44. Calculate a(0).
-44
Let x(l) = -6*l**2 + 15. What is x(6)?
-201
Let a(k) = -k**3 - 7*k**2 + 6*k + 53. Determine a(-4).
-19
Let h(u) = 610*u - 29260. What is h(48)?
20
Let y(a) = 168*a - 2364. Calculate y(14).
-12
Let z(n) = n**3 + 13*n**2 + 31*n + 14. What is z(-10)?
4
Let f(s) = -s**3 - 8*s**2 + 3*s + 25. Calculate f(-6).
-65
Let b(m) = -m**2 + 28*m - 188. What is b(13)?
7
Let k(o) = 1294*o + 6449. What is k(-5)?
-21
Let k(u) = -7*u**2 + 81*u - 199. What is k(8)?
1
Let m(c) = 3*c**2 - 18*c + 12. Calculate m(5).
-3
Let w(i) = -982*i + 71680. What is w(73)?
-6
Let k(w) = 2*w**3 - 22*w**2 - 480*w + 5006. Give k(10).
6
Let l(z) = -53*z - 485. Determine l(-9).
-8
Let s(c) = 6*c - 13. Determine s(-7).
-55
Let z(i) = 4*i**2 + 25*i + 9. Determine z(-7).
30
Let o(b) = b**3 - 59*b**2 + 116*b - 131. Determine o(57).
-17
Let u(n) = -22*n + 3539. Calculate u(162).
-25
Let b(q) = 3*q**3 - 282*q**2 + 818*q + 165. What is b(91)?
74
Let u(g) = 51*g - 2387. Give u(47).
10
Let t(o) = -o**3 - 29*o**2 + 448*o + 13332. Give t(-28).
4
Let s(a) = a**2 + 1092*a + 2186. Give s(-2).
6
Let d(b) = 9*b + 1. What is d(-5)?
-44
Let j(q) = -5*q**2 + 11*q - 5. Give j(0).
-5
Let l(r) = -r**3 - 25*r**2 - 11*r - 272. What is l(-25)?
3
Let s(g) = 47*g + 6957. Calculate s(-148).
1
Let b(a) = a**3 - 31*a**2 + 57*a + 19. Determine b(29).
-10
Let y(l) = -l**3 - 21*l**2 + 10*l + 193. What is y(-21)?
-17
Let h(x) = 3*x**2 + 78*x + 136. Give h(-24).
-8
Let f(s) = 2*s**2 - 228*s + 5325. Give f(81).
-21
Let x(b) = 4*b**2 - 10*b - 263. Determine x(-6).
-59
Let b(f) = -2*f**3 + 10*f**2 + f - 6. Calculate b(7).
-195
Let s(v) = -287*v - 2024. Give s(-7).
-15
Let d(s) = -s**3 - 21*s**2 - 38*s - 80. Calculate d(-19).
-80
Let w(q) = -370*q - 18117. What is w(-49)?
13
Let k(v) = 8*v**2 - 72*v + 14. Give k(7).
-98
Let r(w) = w**3 + 309*w**2 - 3851*w - 20. Determine r(12).
-8
Let b(u) = 2*u**2 - 13*u + 74. Determine b(7).
81
Let z(l) = 5*l**2 - 9*l - 8. Give z(5).
72
Let a(f) = -23*f - 103. What is a(-9)?
104
Let d(s) = 12*s**2 + 60*s - 6. What is d(-5)?
-6
Let w(n) = -n**2 + 20*n - 59. Calculate w(23).
-128
Let x(t) = -t**3 - 27*t**2 - 141*t + 3. Calculate x(-20).
23
Let c(a) = 30*a - 235. What is c(8)?
5
Let u(y) = -2*y**2 - 89*y + 958. Calculate u(14).
-680
Let x(h) = h**3 + h**2 + 11*h + 77. Calculate x(0).
77
Let p(r) = 2*r**2 + 44*r + 26. Give p(-22).
26
Let h(p) = p**2 - 35*p + 309. What is h(23)?
33
Let v(m) = -230*m + 2695. Calculate v(12).
-65
Let q(i) = i**3 + 10*i**2 - 23*i - 88. What is q(-12)?
-100
Let z(j) = j**3 + 144*j**2 + 142*j - 119. Determine z(-143).
24
Let r(l) = -223*l + 13375. Give r(60).
-5
Let n(p) = -p**3 - 10*p**2 - 13*p - 14. What is n(-8)?
-38
Let q(i) = 2*i**3 + 48*i**2 - 42*i + 182. What is q(-25)?
-18
Let s(a) = 2604*a + 10422. Calculate s(-4).
6
Let y(l) = 2*l**3 + 68*l**2 - 62. Determine y(-34).
-62
Let p(w) = 167*w - 1011. Give p(5).
-176
Let q(h) = h**3 - 133*h**2 + 135*h - 414. Give q(132).
-18
Let z(t) = t**2 + 22*t + 130. Determine z(-7).
25
Let g(m) = -3*m**3 - 34*m**2 + 19*m + 29. Give g(-12).
89
Let g(s) = -4*s - 63. Calculate g(3).
-75
Let o(x) = -5*x**3 - 65*x**2 - 66*x - 18. Calculate o(-12).
54
Let t(r) = r**2 - 49*r + 663. Determine t(23).
65
Let t(m) = 37*m + 1446. Give t(-40).
-34
Let q(d) = -2*d**3 + 451*d - 19. Determine q(15).
-4
Let m(x) = -775*x + 25572. Give m(33).
-3
Let j(m) = -10*